he highest common divisor of h and 15.
15
Let y = 127 + -106. Suppose -2*r = -5*i + 4, 4 = -0*i - 4*i - 2*r. Let h = i + 7. Calculate the greatest common divisor of h and y.
7
Let w be 3/(-6)*(-1128)/(-10 - -22). Let y be ((-4)/10)/((-1)/15). Suppose 0 = -3*r - 4*d + w, -d = -4*d + y. What is the greatest common factor of 117 and r?
13
Suppose 6*h + 2*h - 32 = 0. Suppose q = -3*b + 38, 6*q - 5*b = h*q + 43. Suppose q = o - 1. Calculate the greatest common factor of o and 15.
15
Let l(k) = k + 169. Let n be (3*2)/((-100)/150). Let c be l(n). What is the greatest common divisor of 560 and c?
80
Let t(v) = -v + 27. Let g be t(-8). Let m(d) = 16*d**2 + 8*d - 10. Let p be m(1). What is the greatest common divisor of p and g?
7
Suppose -3*c = 7*c - 0*c - 2730. Calculate the greatest common factor of 672 and c.
21
Suppose 3*o + 5*d = 53, -15 = 3*d - 0. Calculate the highest common factor of o and 169.
13
Let f be (35*(-1)/(-21))/((-20)/(-792)). What is the greatest common factor of f and 3069?
33
Let r(g) = 31*g + 53. Let w be r(5). Let a(h) = -h + 8 - 2*h + 14*h**3 + 7*h**2 - 15*h**3. Let p be a(6). Calculate the highest common factor of w and p.
26
Let m be -26 + 128156/28 - (7 - 1). Calculate the greatest common divisor of m and 45.
45
Suppose -5*o = -30*o + 12*o + 2990. Calculate the greatest common factor of o and 23690.
230
Let n be (32/(-18))/(-1) - (-12)/54. Suppose -a + n*g = -2, -4*a + 0*g - 2*g + 28 = 0. Let w = -18 + 20. What is the greatest common divisor of a and w?
2
Suppose 880 = 4*g - 3*m, 32*m - 880 = -4*g + 29*m. What is the highest common divisor of g and 396?
44
Let l be 5/(-7 + ((-105)/(-14))/1). Let n(x) = -x**3 + 7*x**2 + 2*x. Let d be n(7). Calculate the greatest common factor of d and l.
2
Suppose 2*y - 4*y = y - 405. What is the highest common factor of y and 25?
5
Let q(z) = 885 - 1733 + z + 2*z**3 + 857. Let f = -2 - -2. Let o be q(f). Calculate the highest common divisor of 9 and o.
9
Let p be 3590*(99/18 + -5). Suppose 6*i - p = -1579. Let r = 607 + -211. What is the highest common factor of r and i?
36
Let f be 1 - 5 - 27*1. Let k be -1*(-8)/(-2) - f. Suppose 0 = 3*y - 4 + 1, -2*c = 2*y - 218. Calculate the highest common factor of c and k.
27
Suppose -2*w - 5*r + 265 = 3*w, 2*r = -w + 54. Suppose 0*o + 2*o - 2*c = 312, -2*o + 312 = c. What is the highest common divisor of w and o?
52
Suppose -3*n + 21 = 3*h, 2*n - 10 = -3*h + 8. Let k be ((-38)/(-8))/(3/12) - n. Suppose -14*m = k - 226. Calculate the highest common divisor of 150 and m.
15
Let t be (-94 - -101)*(118 - 2). What is the highest common factor of t and 464?
116
Let k be 2/(-18) - ((-3944)/18 - 12). Let d(c) = 108*c - 16. Let s be d(3). What is the highest common factor of k and s?
77
Let h(y) = 3*y**2 + y + 1. Let d be h(-1). Suppose -71*u + 65*u = 696. Let i = -101 - u. Calculate the highest common factor of i and d.
3
Let s(p) = -p**2 + 3*p - 19. Let n be (-273)/(-52) + 6/8. Let x be s(n). Let a = -28 - x. Calculate the greatest common factor of 3 and a.
3
Let n(p) = 2*p + 72. Suppose x + x = -40. Let r be n(x). Calculate the greatest common divisor of 16 and r.
16
Suppose -56 = -6*l + 64. Suppose 2*b - 2*h = -7*h + 58, -b + 2*h = -l. What is the highest common factor of 78 and b?
6
Let q(y) = -y**2 + 11*y - 17. Let g be q(7). Suppose 12*b = g*b + 32. Suppose 2*u + 0*u - b = 0. Calculate the greatest common divisor of u and 40.
8
Let j(w) = -15*w**3 + 2*w + 1. Suppose -2 = 2*h + 4*d, 5*h + 5 = -5*d + 7*d. Let v be j(h). Calculate the highest common divisor of 224 and v.
14
Let i be ((-20)/(-3))/((-76)/(-63) + 130/(-117)). What is the highest common factor of i and 665?
35
Let j be (5 - 6 - -2) + -6. Let c be -4 + (46 - j) - 1. Let v = 91 - c. Calculate the highest common divisor of v and 18.
9
Suppose -2*c = -11*k + 10*k - 5, -3*k = -9. Let f(g) = g**3 - 3*g**2 - g - 6. Let u be f(c). Calculate the highest common divisor of u and 78.
6
Let z(o) = -o**3 - o**2 + 6*o + 4. Suppose 3*u + 7 = -2. Let d be z(u). Let s = -4319 + 4333. Calculate the greatest common factor of s and d.
2
Suppose 0 = -8*q - 100 + 524. Calculate the greatest common factor of q and 1643.
53
Let x be -49*(-6 - 448/(-98)). Calculate the greatest common factor of 5320 and x.
70
Suppose 49*q - 791 - 1365 = 0. What is the highest common divisor of q and 4796?
44
Let r(m) = -3*m - 12. Let l be r(-11). Suppose -2*x + 376 = 2*i, -96 = -2*x + 2*i + 284. Calculate the highest common factor of x and l.
21
Suppose 0 = -45*r + 612521 - 64961. What is the highest common factor of 18 and r?
18
Suppose 0 = -6*q + 10*q - 220. Let f be 3/(30/4)*q. Calculate the highest common factor of 88 and f.
22
Suppose -11*o = 4*d - 15*o - 5256, -5*d - 2*o + 6612 = 0. Calculate the highest common factor of 12 and d.
12
Let m = 505 - 315. Let f(i) = -2*i**3 + 14*i**2 + 88*i + 20. Let c be f(11). What is the greatest common factor of c and m?
10
Suppose -9 = 2*k - 3*z - 2*z, -z = 5*k + 36. Let b be 6/8 + (-17100)/(-48) + k. What is the highest common divisor of 50 and b?
50
Suppose -4*q + 189 = d - 63, -d = 0. Suppose 0 = 4*s - 3*s - 84. What is the greatest common divisor of s and q?
21
Suppose s - 745 = 4*v, 0*s = -2*s - 2*v + 1450. Let j(c) = -s + 360 - 24*c + 366. Let w be j(-2). Calculate the greatest common divisor of w and 15.
15
Suppose 0 = 15*y - 12*y - 645. Let l = -197 + y. Suppose o - 18 = -4*g, 2*o - 2*g - 2*g = 72. Calculate the greatest common factor of o and l.
6
Suppose 70*y - 1802 + 332 = 0. Calculate the greatest common divisor of 1428 and y.
21
Let y = 115 + -105. Let q be 3 - (-37 + 0/(-2)). Calculate the greatest common factor of q and y.
10
Let r be 4/(18/4 - 4). Let f(v) = -13*v + 115. Let n be f(r). What is the highest common divisor of 3 and n?
1
Let v = -37 + 26. Let j(h) = h**3 + 10*h**2 - 10*h + 9. Let z be j(v). Let u be (63 - z) + (-12)/4. What is the highest common divisor of 31 and u?
31
Let w = 9991 + 4853. Calculate the highest common divisor of 24 and w.
12
Let l = -146279 - -146304. Suppose n = -3*n, -3*u + 4*n + 105 = 0. Calculate the highest common factor of l and u.
5
Let i(d) = -105*d**2 + 4952*d + 33. Let n be i(47). Let h = 42 - -22. What is the highest common divisor of h and n?
64
Let l be (-824)/(-32) + 1/4. Suppose 2*a + o = 2*o + l, -a + o = -12. Let j be 43/3 + 3/(-9). Calculate the greatest common divisor of j and a.
14
Let c(n) = 101*n**3 - 24*n**2 - 3*n + 9. Let s be c(3). What is the highest common factor of s and 81?
81
Let x(m) = -3*m**2 - 166*m - 188. Let a be x(-46). What is the highest common factor of 300 and a?
100
Suppose 66 = 5*y - 134. Suppose 10*c - 12*c = 0. Suppose c = -7*k + 17*k - 300. Calculate the highest common factor of k and y.
10
Suppose 108*f - 2*v + 1030 = 110*f, 5*f + v = 2583. Calculate the greatest common factor of f and 329.
47
Suppose -268*c + 135835 = -1237129. What is the highest common divisor of 376 and c?
47
Let b = 556 + -923. Let y = b + 453. Calculate the greatest common factor of y and 86.
86
Let c = -2402 + 2578. What is the greatest common factor of 16 and c?
16
Suppose 0 = 2329*x - 2254*x - 139725. What is the highest common divisor of 552 and x?
69
Let v(c) = 4*c**2 + 3*c - 6. Let a be v(-6). Suppose 22*w + 23 = -4*m + 79, -3*w = 36. What is the highest common factor of m and a?
40
Suppose 86*a - 341142 = -2*a + 1297770. What is the greatest common factor of a and 72?
24
Let w(p) = 12*p**2 + 11*p - 44. Let c be w(8). What is the greatest common divisor of c and 232?
116
Suppose 5*q + 15*t = 345, 27*q - t = 25*q + 103. What is the highest common factor of q and 7101?
27
Let n(p) = -1 + 0*p + 2*p - p. Let h be n(3). Suppose 0 = o - v - 57, -h*o + 6*o + 4*v - 220 = 0. Calculate the highest common divisor of 140 and o.
28
Let z be (1*10/(-20) + (2 - 8))*-460. Calculate the greatest common factor of 390 and z.
130
Let h be 0 + -8 + (13 - -3) + 256. Calculate the greatest common divisor of h and 55.
11
Let g(b) = -30*b - 372. Let z be g(-14). Suppose -d - 4 = 1. Let p be (-3)/5 + (-18)/d. Calculate the highest common divisor of p and z.
3
Let k = 320 - 89. Let g = k + -194. Calculate the highest common divisor of 185 and g.
37
Let d be (2/(-8))/((-2)/152). Suppose -9 = -5*b - d. Let v = b + 56. What is the highest common div